{"id":121,"date":"2021-10-27T09:45:47","date_gmt":"2021-10-27T07:45:47","guid":{"rendered":"https:\/\/www.catedraldevic.org\/?page_id=121"},"modified":"2024-12-16T16:07:16","modified_gmt":"2024-12-16T15:07:16","slug":"recuperacio-sert","status":"publish","type":"page","link":"https:\/\/www.catedraldevic.org\/?page_id=121","title":{"rendered":"Recuperaci\u00f3 i revaloraci\u00f3 de l&#8217;obra de Sert a la Catedral de Sant Pere de Vic"},"content":{"rendered":"<p>[et_pb_section fb_built=&#8221;1&#8243; fullwidth=&#8221;on&#8221; _builder_version=&#8221;4.16&#8243; _module_preset=&#8221;default&#8221; background_enable_image=&#8221;off&#8221; global_colors_info=&#8221;{}&#8221;][et_pb_fullwidth_slider use_bg_overlay=&#8221;off&#8221; use_text_overlay=&#8221;off&#8221; _builder_version=&#8221;4.16&#8243; _module_preset=&#8221;default&#8221; background_enable_image=&#8221;off&#8221; parallax=&#8221;on&#8221; parallax_method=&#8221;on&#8221; auto=&#8221;on&#8221; global_colors_info=&#8221;{}&#8221;][et_pb_slide heading=&#8221;Recuperaci\u00f3 de l\u2019obra de Sert&#8221; use_bg_overlay=&#8221;on&#8221; use_text_overlay=&#8221;off&#8221; _builder_version=&#8221;4.16&#8243; _module_preset=&#8221;default&#8221; background_color=&#8221;RGBA(255,255,255,0)&#8221; background_enable_color=&#8221;on&#8221; background_image=&#8221;http:\/\/www.catedraldevic.org\/wp-content\/uploads\/SLIDER_RECUPERACIO.jpg&#8221; background_enable_image=&#8221;on&#8221; width=&#8221;90%&#8221; max_width=&#8221;1024px&#8221; global_colors_info=&#8221;{}&#8221; sticky_transition=&#8221;on&#8221;][\/et_pb_slide][\/et_pb_fullwidth_slider][\/et_pb_section][et_pb_section fb_built=&#8221;1&#8243; _builder_version=&#8221;4.16&#8243; _module_preset=&#8221;default&#8221; global_colors_info=&#8221;{}&#8221;][et_pb_row _builder_version=&#8221;4.16&#8243; _module_preset=&#8221;default&#8221; custom_padding=&#8221;||0px||false|false&#8221; global_colors_info=&#8221;{}&#8221;][et_pb_column type=&#8221;4_4&#8243; _builder_version=&#8221;4.16&#8243; _module_preset=&#8221;default&#8221; global_colors_info=&#8221;{}&#8221;][et_pb_text _builder_version=&#8221;4.20.2&#8243; _module_preset=&#8221;default&#8221; global_colors_info=&#8221;{}&#8221;]<\/p>\n<h2 style=\"text-align: center;\">Recuperaci\u00f3 i revaloraci\u00f3 de l&#8217;obra de Sert a la catedral de Sant Pere de Vic<\/h2>\n<p>[\/et_pb_text][\/et_pb_column][\/et_pb_row][et_pb_row column_structure=&#8221;1_2,1_2&#8243; _builder_version=&#8221;4.16&#8243; _module_preset=&#8221;default&#8221; custom_padding=&#8221;||0px||false|false&#8221; global_colors_info=&#8221;{}&#8221;][et_pb_column type=&#8221;1_2&#8243; _builder_version=&#8221;4.16&#8243; _module_preset=&#8221;default&#8221; global_colors_info=&#8221;{}&#8221;][et_pb_text _builder_version=&#8221;4.16&#8243; _module_preset=&#8221;default&#8221; text_orientation=&#8221;justified&#8221; global_colors_info=&#8221;{}&#8221;]<\/p>\n<p>Emmarcat dins d&#8217;un Programa Operatiu FEDER, el projecte de &#8220;Recuperaci\u00f3 i revaloritzaci\u00f3 de l&#8217;obra de <span class=\"hiddenSpellError\">Sert<\/span>&#8221; actua sobre la Catedral de Sant Pere de Vic, conjunt arquitect\u00f2nic amb alt valor cultural, declarat <span class=\"hiddenGrammarError\">B\u00e9 Cultural d&#8217;inter\u00e8s Nacional<\/span> (<span class=\"hiddenSpellError\">BCIN<\/span>) i en l&#8217;obra de Josep Maria <span class=\"hiddenSpellError\">Sert<\/span> (1874 \u2013 1945), muralista de projecci\u00f3 universal. El projecte, que consta de tres actuacions principals, t\u00e9 com a objectius els de restaurar i condicionar la decoraci\u00f3 mural de la nau central, protagonitzada per les pintures de J.M. <span class=\"hiddenSpellError\">Sert<\/span>, un patrimoni \u00fanic i monumental; col\u00b7locar al deambulatori les teles del primer enc\u00e0rrec de decoraci\u00f3 de la Catedral de <span class=\"hiddenSpellError\">Sert<\/span> (1926) actualment no exposades al p\u00fablic i salvades de la crema del 1936; crear un nou espai divulgatiu <span class=\"hiddenGrammarError\">multim\u00e8dia entorn<\/span> la figura i obra de <span class=\"hiddenSpellError\">Sert<\/span> a l&#8217;antiga sagristia dels Canonges que aporti un recurs innovador per a la interpretaci\u00f3 de l&#8217;artista i el llegat a la Catedral; valorar la figura i obra de <span class=\"hiddenSpellError\">Sert<\/span> i la seva vinculaci\u00f3 amb l&#8217;espai i la ciutat de Vic, per fomentar el turisme a la ciutat.<\/p>\n<p>[\/et_pb_text][\/et_pb_column][et_pb_column type=&#8221;1_2&#8243; _builder_version=&#8221;4.16&#8243; _module_preset=&#8221;default&#8221; global_colors_info=&#8221;{}&#8221;][et_pb_text _builder_version=&#8221;4.16&#8243; _module_preset=&#8221;default&#8221; text_orientation=&#8221;justified&#8221; global_colors_info=&#8221;{}&#8221;]<\/p>\n<p>El projecte permetr\u00e0 la unificaci\u00f3, coneixement, valoritzaci\u00f3, conservaci\u00f3 i impuls de tota l&#8217;obra sacra de <span class=\"hiddenSpellError\">Sert<\/span>, una obra \u00fanica en el panorama art\u00edstic europeu i en l&#8217;actualitat poc valorada, i tindr\u00e0 un gran impacte cultural i tur\u00edstic tant al pa\u00eds com a la ciutat, ja que l&#8217;<span class=\"hiddenGrammarError\">espai objecte<\/span> d&#8217;intervenci\u00f3 est\u00e0 declarat <span class=\"hiddenSpellError\">BCIN<\/span> pel seu alt valor patrimonial, arquitect\u00f2nic i pict\u00f2ric.<\/p>\n<p>L&#8217;obra de J.M. <span class=\"hiddenSpellError\">Sert<\/span> s&#8217;afegeix a un conjunt arquitect\u00f2nic protagonitzat per la cripta i el campanar d&#8217;estil rom\u00e0nic, el claustre i el retaule d&#8217;alabastre de Sant Pere, obra de Pere Oller, d&#8217;estil g\u00f2tic, la capella barroca dedicada a Sant Bernat <span class=\"hiddenSpellError\">Calb\u00f3<\/span>, i la gran nau <span class=\"hiddenSpellError\">neo<\/span>-cl\u00e0ssica.<\/p>\n<p>Cofinan\u00e7at entre el Bisbat de Vic i el Departament de Patrimoni de la Generalitat de Catalunya, el projecte tamb\u00e9 compta amb el suport l&#8217;aportaci\u00f3 econ\u00f2mica de l&#8217;Ajuntament de Vic.<\/p>\n<p>[\/et_pb_text][\/et_pb_column][\/et_pb_row][\/et_pb_section][et_pb_section fb_built=&#8221;1&#8243; _builder_version=&#8221;4.16&#8243; _module_preset=&#8221;default&#8221; custom_margin=&#8221;0px||||false|false&#8221; custom_padding=&#8221;0px||||false|false&#8221; global_colors_info=&#8221;{}&#8221;][et_pb_row use_custom_gutter=&#8221;on&#8221; gutter_width=&#8221;2&#8243; _builder_version=&#8221;4.16&#8243; _module_preset=&#8221;default&#8221; global_colors_info=&#8221;{}&#8221;][et_pb_column type=&#8221;4_4&#8243; _builder_version=&#8221;4.16&#8243; _module_preset=&#8221;default&#8221; global_colors_info=&#8221;{}&#8221;][et_pb_gallery gallery_ids=&#8221;11,15,264,304,257,279,254,303&#8243; posts_number=&#8221;100&#8243; show_title_and_caption=&#8221;off&#8221; show_pagination=&#8221;off&#8221; _builder_version=&#8221;4.16&#8243; _module_preset=&#8221;default&#8221; global_colors_info=&#8221;{}&#8221;][\/et_pb_gallery][\/et_pb_column][\/et_pb_row][et_pb_row column_structure=&#8221;1_4,1_4,1_4,1_4&#8243; _builder_version=&#8221;4.16&#8243; _module_preset=&#8221;default&#8221; custom_margin=&#8221;16px||||false|false&#8221; global_colors_info=&#8221;{}&#8221;][et_pb_column type=&#8221;1_4&#8243; _builder_version=&#8221;4.16&#8243; _module_preset=&#8221;default&#8221; global_colors_info=&#8221;{}&#8221;][et_pb_image src=&#8221;http:\/\/www.catedraldevic.org\/wp-content\/uploads\/cultura_h3.jpg&#8221; title_text=&#8221;cultura_h3&#8243; align=&#8221;center&#8221; _builder_version=&#8221;4.20.2&#8243; _module_preset=&#8221;default&#8221; hover_enabled=&#8221;0&#8243; global_colors_info=&#8221;{}&#8221; sticky_enabled=&#8221;0&#8243;][\/et_pb_image][\/et_pb_column][et_pb_column type=&#8221;1_4&#8243; _builder_version=&#8221;4.16&#8243; _module_preset=&#8221;default&#8221; global_colors_info=&#8221;{}&#8221;][et_pb_image src=&#8221;http:\/\/www.catedraldevic.org\/wp-content\/uploads\/LOGO_BISBAT-1024&#215;266-1.png&#8221; title_text=&#8221;LOGO_BISBAT-1024&#215;266&#8243; align=&#8221;center&#8221; _builder_version=&#8221;4.20.2&#8243; _module_preset=&#8221;default&#8221; hover_enabled=&#8221;0&#8243; global_colors_info=&#8221;{}&#8221; sticky_enabled=&#8221;0&#8243;][\/et_pb_image][\/et_pb_column][et_pb_column type=&#8221;1_4&#8243; _builder_version=&#8221;4.16&#8243; _module_preset=&#8221;default&#8221; global_colors_info=&#8221;{}&#8221;][et_pb_image src=&#8221;http:\/\/www.catedraldevic.org\/wp-content\/uploads\/AJUNTAMENT_VIC-1024&#215;266-1.png&#8221; title_text=&#8221;AJUNTAMENT_VIC-1024&#215;266&#8243; _builder_version=&#8221;4.20.2&#8243; _module_preset=&#8221;default&#8221; hover_enabled=&#8221;0&#8243; global_colors_info=&#8221;{}&#8221; sticky_enabled=&#8221;0&#8243;][\/et_pb_image][\/et_pb_column][et_pb_column type=&#8221;1_4&#8243; _builder_version=&#8221;4.16&#8243; _module_preset=&#8221;default&#8221; global_colors_info=&#8221;{}&#8221;][et_pb_image src=&#8221;http:\/\/www.catedraldevic.org\/wp-content\/uploads\/ipce.jpg&#8221; title_text=&#8221;ipce&#8221; _builder_version=&#8221;4.20.2&#8243; _module_preset=&#8221;default&#8221; hover_enabled=&#8221;0&#8243; global_colors_info=&#8221;{}&#8221; sticky_enabled=&#8221;0&#8243;][\/et_pb_image][\/et_pb_column][\/et_pb_row][\/et_pb_section][et_pb_section fb_built=&#8221;1&#8243; _builder_version=&#8221;4.16&#8243; _module_preset=&#8221;default&#8221; background_color=&#8221;#eeeeee&#8221; global_colors_info=&#8221;{}&#8221;][et_pb_row _builder_version=&#8221;4.16&#8243; _module_preset=&#8221;default&#8221; border_width_bottom=&#8221;2px&#8221; border_color_bottom=&#8221;rgba(0,0,0,0.25)&#8221; global_colors_info=&#8221;{}&#8221;][et_pb_column type=&#8221;4_4&#8243; _builder_version=&#8221;4.16&#8243; _module_preset=&#8221;default&#8221; global_colors_info=&#8221;{}&#8221;][et_pb_text _builder_version=&#8221;4.16&#8243; _module_preset=&#8221;default&#8221; global_colors_info=&#8221;{}&#8221;]<\/p>\n<h2 style=\"text-align: center;\">Diari d&#8217;obres<\/h2>\n<p>[\/et_pb_text][\/et_pb_column][\/et_pb_row][et_pb_row _builder_version=&#8221;4.16&#8243; _module_preset=&#8221;default&#8221; global_colors_info=&#8221;{}&#8221;][et_pb_column type=&#8221;4_4&#8243; _builder_version=&#8221;4.16&#8243; _module_preset=&#8221;default&#8221; global_colors_info=&#8221;{}&#8221;][et_pb_blog fullwidth=&#8221;off&#8221; posts_number=&#8221;1000&#8243; include_categories=&#8221;3&#8243; excerpt_length=&#8221;150&#8243; show_author=&#8221;off&#8221; show_categories=&#8221;off&#8221; _builder_version=&#8221;4.16&#8243; _module_preset=&#8221;default&#8221; global_colors_info=&#8221;{}&#8221;][\/et_pb_blog][\/et_pb_column][\/et_pb_row][\/et_pb_section]<\/p>\n","protected":false},"excerpt":{"rendered":"<p>Recuperaci\u00f3 i revaloraci\u00f3 de l&#8217;obra de Sert a la catedral de Sant Pere de VicEmmarcat dins d&#8217;un Programa Operatiu FEDER, el projecte de &#8220;Recuperaci\u00f3 i revaloritzaci\u00f3 de l&#8217;obra de Sert&#8221; actua sobre la Catedral de Sant Pere de Vic, conjunt arquitect\u00f2nic amb alt valor cultural, declarat B\u00e9 Cultural d&#8217;inter\u00e8s Nacional (BCIN) i en l&#8217;obra de [&hellip;]<\/p>\n","protected":false},"author":1,"featured_media":0,"parent":0,"menu_order":0,"comment_status":"closed","ping_status":"closed","template":"","meta":{"_et_pb_use_builder":"on","_et_pb_old_content":"","_et_gb_content_width":"","footnotes":""},"class_list":["post-121","page","type-page","status-publish","hentry"],"_links":{"self":[{"href":"https:\/\/www.catedraldevic.org\/index.php?rest_route=\/wp\/v2\/pages\/121","targetHints":{"allow":["GET"]}}],"collection":[{"href":"https:\/\/www.catedraldevic.org\/index.php?rest_route=\/wp\/v2\/pages"}],"about":[{"href":"https:\/\/www.catedraldevic.org\/index.php?rest_route=\/wp\/v2\/types\/page"}],"author":[{"embeddable":true,"href":"https:\/\/www.catedraldevic.org\/index.php?rest_route=\/wp\/v2\/users\/1"}],"replies":[{"embeddable":true,"href":"https:\/\/www.catedraldevic.org\/index.php?rest_route=%2Fwp%2Fv2%2Fcomments&post=121"}],"version-history":[{"count":32,"href":"https:\/\/www.catedraldevic.org\/index.php?rest_route=\/wp\/v2\/pages\/121\/revisions"}],"predecessor-version":[{"id":566,"href":"https:\/\/www.catedraldevic.org\/index.php?rest_route=\/wp\/v2\/pages\/121\/revisions\/566"}],"wp:attachment":[{"href":"https:\/\/www.catedraldevic.org\/index.php?rest_route=%2Fwp%2Fv2%2Fmedia&parent=121"}],"curies":[{"name":"wp","href":"https:\/\/api.w.org\/{rel}","templated":true}]}}

Recuperació i revaloració de l&#8217;obra de Sert a la Catedral de Sant Pere de Vic

<p>[et_pb_section fb_built=&#8221;1&#8243; fullwidth=&#8221;on&#8221; _builder_version=&#8221;4.16&#8243; _module_preset=&#8221;default&#8221; background_enable_image=&#8221;off&#8221; global_colors_info=&#8221;{}&#8221;][et_pb_fullwidth_slider use_bg_overlay=&#8221;off&#8221; use_text_overlay=&#8221;off&#8221; _builder_version=&#8221;4.16&#8243; _module_preset=&#8221;default&#8221; background_enable_image=&#8221;off&#8221; parallax=&#8221;on&#8221; parallax_method=&#8221;on&#8221; auto=&#8221;on&#8221; global_colors_info=&#8221;{}&#8221;][et_pb_slide heading=&#8221;Recuperació de l’obra de Sert&#8221; use_bg_overlay=&#8221;on&#8221; use_text_overlay=&#8221;off&#8221; _builder_version=&#8221;4.16&#8243; _module_preset=&#8221;default&#8221; background_color=&#8221;RGBA(255,255,255,0)&#8221; background_enable_color=&#8221;on&#8221; background_image=&#8221;http://www.catedraldevic.org/wp-content/uploads/SLIDER_RECUPERACIO.jpg&#8221; background_enable_image=&#8221;on&#8221; width=&#8221;90%&#8221; max_width=&#8221;1024px&#8221; global_colors_info=&#8221;{}&#8221; sticky_transition=&#8221;on&#8221;][/et_pb_slide][/et_pb_fullwidth_slider][/et_pb_section][et_pb_section fb_built=&#8221;1&#8243; _builder_version=&#8221;4.16&#8243; _module_preset=&#8221;default&#8221; global_colors_info=&#8221;{}&#8221;][et_pb_row _builder_version=&#8221;4.16&#8243; _module_preset=&#8221;default&#8221; custom_padding=&#8221;||0px||false|false&#8221; global_colors_info=&#8221;{}&#8221;][et_pb_column type=&#8221;4_4&#8243; _builder_version=&#8221;4.16&#8243; _module_preset=&#8221;default&#8221; global_colors_info=&#8221;{}&#8221;][et_pb_text _builder_version=&#8221;4.20.2&#8243; _module_preset=&#8221;default&#8221; global_colors_info=&#8221;{}&#8221;]</p>
<h2 style="text-align: center;">Recuperació i revaloració de l&#8217;obra de Sert a la catedral de Sant Pere de Vic</h2>
<p>[/et_pb_text][/et_pb_column][/et_pb_row][et_pb_row column_structure=&#8221;1_2,1_2&#8243; _builder_version=&#8221;4.16&#8243; _module_preset=&#8221;default&#8221; custom_padding=&#8221;||0px||false|false&#8221; global_colors_info=&#8221;{}&#8221;][et_pb_column type=&#8221;1_2&#8243; _builder_version=&#8221;4.16&#8243; _module_preset=&#8221;default&#8221; global_colors_info=&#8221;{}&#8221;][et_pb_text _builder_version=&#8221;4.16&#8243; _module_preset=&#8221;default&#8221; text_orientation=&#8221;justified&#8221; global_colors_info=&#8221;{}&#8221;]</p>
<p>Emmarcat dins d&#8217;un Programa Operatiu FEDER, el projecte de &#8220;Recuperació i revalorització de l&#8217;obra de <span class="hiddenSpellError">Sert</span>&#8221; actua sobre la Catedral de Sant Pere de Vic, conjunt arquitectònic amb alt valor cultural, declarat <span class="hiddenGrammarError">Bé Cultural d&#8217;interès Nacional</span> (<span class="hiddenSpellError">BCIN</span>) i en l&#8217;obra de Josep Maria <span class="hiddenSpellError">Sert</span> (1874 – 1945), muralista de projecció universal. El projecte, que consta de tres actuacions principals, té com a objectius els de restaurar i condicionar la decoració mural de la nau central, protagonitzada per les pintures de J.M. <span class="hiddenSpellError">Sert</span>, un patrimoni únic i monumental; col·locar al deambulatori les teles del primer encàrrec de decoració de la Catedral de <span class="hiddenSpellError">Sert</span> (1926) actualment no exposades al públic i salvades de la crema del 1936; crear un nou espai divulgatiu <span class="hiddenGrammarError">multimèdia entorn</span> la figura i obra de <span class="hiddenSpellError">Sert</span> a l&#8217;antiga sagristia dels Canonges que aporti un recurs innovador per a la interpretació de l&#8217;artista i el llegat a la Catedral; valorar la figura i obra de <span class="hiddenSpellError">Sert</span> i la seva vinculació amb l&#8217;espai i la ciutat de Vic, per fomentar el turisme a la ciutat.</p>
<p>[/et_pb_text][/et_pb_column][et_pb_column type=&#8221;1_2&#8243; _builder_version=&#8221;4.16&#8243; _module_preset=&#8221;default&#8221; global_colors_info=&#8221;{}&#8221;][et_pb_text _builder_version=&#8221;4.16&#8243; _module_preset=&#8221;default&#8221; text_orientation=&#8221;justified&#8221; global_colors_info=&#8221;{}&#8221;]</p>
<p>El projecte permetrà la unificació, coneixement, valorització, conservació i impuls de tota l&#8217;obra sacra de <span class="hiddenSpellError">Sert</span>, una obra única en el panorama artístic europeu i en l&#8217;actualitat poc valorada, i tindrà un gran impacte cultural i turístic tant al país com a la ciutat, ja que l&#8217;<span class="hiddenGrammarError">espai objecte</span> d&#8217;intervenció està declarat <span class="hiddenSpellError">BCIN</span> pel seu alt valor patrimonial, arquitectònic i pictòric.</p>
<p>L&#8217;obra de J.M. <span class="hiddenSpellError">Sert</span> s&#8217;afegeix a un conjunt arquitectònic protagonitzat per la cripta i el campanar d&#8217;estil romànic, el claustre i el retaule d&#8217;alabastre de Sant Pere, obra de Pere Oller, d&#8217;estil gòtic, la capella barroca dedicada a Sant Bernat <span class="hiddenSpellError">Calbó</span>, i la gran nau <span class="hiddenSpellError">neo</span>-clàssica.</p>
<p>Cofinançat entre el Bisbat de Vic i el Departament de Patrimoni de la Generalitat de Catalunya, el projecte també compta amb el suport l&#8217;aportació econòmica de l&#8217;Ajuntament de Vic.</p>
<p>[/et_pb_text][/et_pb_column][/et_pb_row][/et_pb_section][et_pb_section fb_built=&#8221;1&#8243; _builder_version=&#8221;4.16&#8243; _module_preset=&#8221;default&#8221; custom_margin=&#8221;0px||||false|false&#8221; custom_padding=&#8221;0px||||false|false&#8221; global_colors_info=&#8221;{}&#8221;][et_pb_row use_custom_gutter=&#8221;on&#8221; gutter_width=&#8221;2&#8243; _builder_version=&#8221;4.16&#8243; _module_preset=&#8221;default&#8221; global_colors_info=&#8221;{}&#8221;][et_pb_column type=&#8221;4_4&#8243; _builder_version=&#8221;4.16&#8243; _module_preset=&#8221;default&#8221; global_colors_info=&#8221;{}&#8221;][et_pb_gallery gallery_ids=&#8221;11,15,264,304,257,279,254,303&#8243; posts_number=&#8221;100&#8243; show_title_and_caption=&#8221;off&#8221; show_pagination=&#8221;off&#8221; _builder_version=&#8221;4.16&#8243; _module_preset=&#8221;default&#8221; global_colors_info=&#8221;{}&#8221;][/et_pb_gallery][/et_pb_column][/et_pb_row][et_pb_row column_structure=&#8221;1_4,1_4,1_4,1_4&#8243; _builder_version=&#8221;4.16&#8243; _module_preset=&#8221;default&#8221; custom_margin=&#8221;16px||||false|false&#8221; global_colors_info=&#8221;{}&#8221;][et_pb_column type=&#8221;1_4&#8243; _builder_version=&#8221;4.16&#8243; _module_preset=&#8221;default&#8221; global_colors_info=&#8221;{}&#8221;][et_pb_image src=&#8221;http://www.catedraldevic.org/wp-content/uploads/cultura_h3.jpg&#8221; title_text=&#8221;cultura_h3&#8243; align=&#8221;center&#8221; _builder_version=&#8221;4.20.2&#8243; _module_preset=&#8221;default&#8221; hover_enabled=&#8221;0&#8243; global_colors_info=&#8221;{}&#8221; sticky_enabled=&#8221;0&#8243;][/et_pb_image][/et_pb_column][et_pb_column type=&#8221;1_4&#8243; _builder_version=&#8221;4.16&#8243; _module_preset=&#8221;default&#8221; global_colors_info=&#8221;{}&#8221;][et_pb_image src=&#8221;http://www.catedraldevic.org/wp-content/uploads/LOGO_BISBAT-1024&#215;266-1.png&#8221; title_text=&#8221;LOGO_BISBAT-1024&#215;266&#8243; align=&#8221;center&#8221; _builder_version=&#8221;4.20.2&#8243; _module_preset=&#8221;default&#8221; hover_enabled=&#8221;0&#8243; global_colors_info=&#8221;{}&#8221; sticky_enabled=&#8221;0&#8243;][/et_pb_image][/et_pb_column][et_pb_column type=&#8221;1_4&#8243; _builder_version=&#8221;4.16&#8243; _module_preset=&#8221;default&#8221; global_colors_info=&#8221;{}&#8221;][et_pb_image src=&#8221;http://www.catedraldevic.org/wp-content/uploads/AJUNTAMENT_VIC-1024&#215;266-1.png&#8221; title_text=&#8221;AJUNTAMENT_VIC-1024&#215;266&#8243; _builder_version=&#8221;4.20.2&#8243; _module_preset=&#8221;default&#8221; hover_enabled=&#8221;0&#8243; global_colors_info=&#8221;{}&#8221; sticky_enabled=&#8221;0&#8243;][/et_pb_image][/et_pb_column][et_pb_column type=&#8221;1_4&#8243; _builder_version=&#8221;4.16&#8243; _module_preset=&#8221;default&#8221; global_colors_info=&#8221;{}&#8221;][et_pb_image src=&#8221;http://www.catedraldevic.org/wp-content/uploads/ipce.jpg&#8221; title_text=&#8221;ipce&#8221; _builder_version=&#8221;4.20.2&#8243; _module_preset=&#8221;default&#8221; hover_enabled=&#8221;0&#8243; global_colors_info=&#8221;{}&#8221; sticky_enabled=&#8221;0&#8243;][/et_pb_image][/et_pb_column][/et_pb_row][/et_pb_section][et_pb_section fb_built=&#8221;1&#8243; _builder_version=&#8221;4.16&#8243; _module_preset=&#8221;default&#8221; background_color=&#8221;#eeeeee&#8221; global_colors_info=&#8221;{}&#8221;][et_pb_row _builder_version=&#8221;4.16&#8243; _module_preset=&#8221;default&#8221; border_width_bottom=&#8221;2px&#8221; border_color_bottom=&#8221;rgba(0,0,0,0.25)&#8221; global_colors_info=&#8221;{}&#8221;][et_pb_column type=&#8221;4_4&#8243; _builder_version=&#8221;4.16&#8243; _module_preset=&#8221;default&#8221; global_colors_info=&#8221;{}&#8221;][et_pb_text _builder_version=&#8221;4.16&#8243; _module_preset=&#8221;default&#8221; global_colors_info=&#8221;{}&#8221;]</p>
<h2 style="text-align: center;">Diari d&#8217;obres</h2>
<p>[/et_pb_text][/et_pb_column][/et_pb_row][et_pb_row _builder_version=&#8221;4.16&#8243; _module_preset=&#8221;default&#8221; global_colors_info=&#8221;{}&#8221;][et_pb_column type=&#8221;4_4&#8243; _builder_version=&#8221;4.16&#8243; _module_preset=&#8221;default&#8221; global_colors_info=&#8221;{}&#8221;][et_pb_blog fullwidth=&#8221;off&#8221; posts_number=&#8221;1000&#8243; include_categories=&#8221;3&#8243; excerpt_length=&#8221;150&#8243; show_author=&#8221;off&#8221; show_categories=&#8221;off&#8221; _builder_version=&#8221;4.16&#8243; _module_preset=&#8221;default&#8221; global_colors_info=&#8221;{}&#8221;][/et_pb_blog][/et_pb_column][/et_pb_row][/et_pb_section]</p>

<p>Recuperació i revaloració de l&#8217;obra de Sert a la catedral de Sant Pere de VicEmmarcat dins d&#8217;un Programa Operatiu FEDER, el projecte de &#8220;Recuperació i revalorització de l&#8217;obra de Sert&#8221; actua sobre la Catedral de Sant Pere de Vic, conjunt arquitectònic amb alt valor cultural, declarat Bé Cultural d&#8217;interès Nacional (BCIN) i en l&#8217;obra de [&hellip;]</p>
