{"id":68,"date":"2021-10-26T17:24:32","date_gmt":"2021-10-26T15:24:32","guid":{"rendered":"http:\/\/www.catedraldevic.org\/?page_id=68"},"modified":"2024-12-16T16:07:01","modified_gmt":"2024-12-16T15:07:01","slug":"la-catedral-viva-2","status":"publish","type":"page","link":"https:\/\/www.catedraldevic.org\/?page_id=68","title":{"rendered":"La catedral viva"},"content":{"rendered":"<p>[et_pb_section fb_built=&#8221;1&#8243; fullwidth=&#8221;on&#8221; _builder_version=&#8221;4.14.2&#8243; _module_preset=&#8221;default&#8221; background_enable_image=&#8221;off&#8221; global_colors_info=&#8221;{}&#8221;][et_pb_fullwidth_slider use_bg_overlay=&#8221;off&#8221; use_text_overlay=&#8221;off&#8221; _builder_version=&#8221;4.14.7&#8243; _module_preset=&#8221;default&#8221; background_enable_image=&#8221;off&#8221; parallax=&#8221;on&#8221; parallax_method=&#8221;on&#8221; auto=&#8221;on&#8221; global_colors_info=&#8221;{}&#8221;][et_pb_slide heading=&#8221;La catedral viva&#8221; use_bg_overlay=&#8221;on&#8221; use_text_overlay=&#8221;off&#8221; _builder_version=&#8221;4.14.7&#8243; _module_preset=&#8221;default&#8221; background_color=&#8221;RGBA(255,255,255,0)&#8221; background_enable_color=&#8221;on&#8221; background_image=&#8221;http:\/\/www.catedraldevic.org\/wp-content\/uploads\/SLIDER_CATEDRAl_VIVA.jpg&#8221; background_enable_image=&#8221;on&#8221; width=&#8221;90%&#8221; max_width=&#8221;1024px&#8221; global_colors_info=&#8221;{}&#8221; sticky_transition=&#8221;on&#8221;][\/et_pb_slide][\/et_pb_fullwidth_slider][\/et_pb_section][et_pb_section fb_built=&#8221;1&#8243; _builder_version=&#8221;4.11.4&#8243; _module_preset=&#8221;default&#8221; global_colors_info=&#8221;{}&#8221;][et_pb_row column_structure=&#8221;1_2,1_2&#8243; _builder_version=&#8221;4.11.4&#8243; _module_preset=&#8221;default&#8221; global_colors_info=&#8221;{}&#8221;][et_pb_column type=&#8221;1_2&#8243; _builder_version=&#8221;4.11.4&#8243; _module_preset=&#8221;default&#8221; global_colors_info=&#8221;{}&#8221;][et_pb_text _builder_version=&#8221;4.11.4&#8243; _module_preset=&#8221;default&#8221; header_line_height=&#8221;1.5em&#8221; global_colors_info=&#8221;{}&#8221;]<\/p>\n<h1>Siguis qui siguis i vinguis d&#8217;on vinguis sigues benvingut a la Catedral Bas\u00edlica de Sant Pere de Vic<\/h1>\n<p>[\/et_pb_text][\/et_pb_column][et_pb_column type=&#8221;1_2&#8243; _builder_version=&#8221;4.11.4&#8243; _module_preset=&#8221;default&#8221; global_colors_info=&#8221;{}&#8221;][et_pb_text _builder_version=&#8221;4.11.4&#8243; _module_preset=&#8221;default&#8221; global_colors_info=&#8221;{}&#8221;]<\/p>\n<p>Com a bisbe de la di\u00f2cesi agraeixo la teva pres\u00e8ncia i la teva visita a la catedral, a l&#8217;esgl\u00e9sia mare de totes les esgl\u00e9sies de la di\u00f2cesi.<\/p>\n<p>Desitjo que et sentis ben acollit en aquest espai on art i religi\u00f3 conviuen en harmonia.<\/p>\n<p>Tot el que veus aqu\u00ed a dins est\u00e0 al servei de l&#8217;educaci\u00f3 de la fe del poble cristi\u00e0 i del creixement espiritual de tothom.<\/p>\n<p>En les celebracions lit\u00fargiques, sobretot en l&#8217;eucaristia, quan \u00e9s presidida pel bisbe, acompanyat dels preveres i diaques, i amb la participaci\u00f3 plena i activa dels fidels, s&#8217;esdev\u00e9 la manifestaci\u00f3 principal i visible de l&#8217;esgl\u00e9sia.<\/p>\n<p>Gaudeix de la bellesa de la nostra catedral, prega una estona, adora el Sant\u00edssim Sagrament, queda&#8217;t a la celebraci\u00f3 de l&#8217;eucaristia&#8230;i, siguis on siguis, recorda&#8217;t sempre d&#8217;estimar D\u00e9u i el pro\u00efsme.<\/p>\n<p>Gr\u00e0cies per haver vingut.<\/p>\n<p><strong>Rom\u00e0, bisbe de Vic.<\/strong><\/p>\n<p>[\/et_pb_text][\/et_pb_column][\/et_pb_row][\/et_pb_section][et_pb_section fb_built=&#8221;1&#8243; _builder_version=&#8221;4.11.3&#8243; _module_preset=&#8221;default&#8221; custom_margin=&#8221;0px||||false|false&#8221; custom_padding=&#8221;0px||||false|false&#8221; global_colors_info=&#8221;{}&#8221;][et_pb_row use_custom_gutter=&#8221;on&#8221; gutter_width=&#8221;2&#8243; _builder_version=&#8221;4.11.3&#8243; _module_preset=&#8221;default&#8221; global_colors_info=&#8221;{}&#8221;][et_pb_column type=&#8221;4_4&#8243; _builder_version=&#8221;4.11.3&#8243; _module_preset=&#8221;default&#8221; global_colors_info=&#8221;{}&#8221;][et_pb_gallery gallery_ids=&#8221;468,469,471,472&#8243; posts_number=&#8221;100&#8243; show_title_and_caption=&#8221;off&#8221; show_pagination=&#8221;off&#8221; _builder_version=&#8221;4.14.7&#8243; _module_preset=&#8221;default&#8221; hover_enabled=&#8221;0&#8243; global_colors_info=&#8221;{}&#8221; sticky_enabled=&#8221;0&#8243;][\/et_pb_gallery][\/et_pb_column][\/et_pb_row][\/et_pb_section]<\/p>\n","protected":false},"excerpt":{"rendered":"<p>Siguis qui siguis i vinguis d&#8217;on vinguis sigues benvingut a la Catedral Bas\u00edlica de Sant Pere de VicCom a bisbe de la di\u00f2cesi agraeixo la teva pres\u00e8ncia i la teva visita a la catedral, a l&#8217;esgl\u00e9sia mare de totes les esgl\u00e9sies de la di\u00f2cesi. Desitjo que et sentis ben acollit en aquest espai on art [&hellip;]<\/p>\n","protected":false},"author":1,"featured_media":0,"parent":0,"menu_order":0,"comment_status":"closed","ping_status":"closed","template":"","meta":{"_et_pb_use_builder":"on","_et_pb_old_content":"","_et_gb_content_width":"","footnotes":""},"class_list":["post-68","page","type-page","status-publish","hentry"],"_links":{"self":[{"href":"https:\/\/www.catedraldevic.org\/index.php?rest_route=\/wp\/v2\/pages\/68","targetHints":{"allow":["GET"]}}],"collection":[{"href":"https:\/\/www.catedraldevic.org\/index.php?rest_route=\/wp\/v2\/pages"}],"about":[{"href":"https:\/\/www.catedraldevic.org\/index.php?rest_route=\/wp\/v2\/types\/page"}],"author":[{"embeddable":true,"href":"https:\/\/www.catedraldevic.org\/index.php?rest_route=\/wp\/v2\/users\/1"}],"replies":[{"embeddable":true,"href":"https:\/\/www.catedraldevic.org\/index.php?rest_route=%2Fwp%2Fv2%2Fcomments&post=68"}],"version-history":[{"count":16,"href":"https:\/\/www.catedraldevic.org\/index.php?rest_route=\/wp\/v2\/pages\/68\/revisions"}],"predecessor-version":[{"id":656,"href":"https:\/\/www.catedraldevic.org\/index.php?rest_route=\/wp\/v2\/pages\/68\/revisions\/656"}],"wp:attachment":[{"href":"https:\/\/www.catedraldevic.org\/index.php?rest_route=%2Fwp%2Fv2%2Fmedia&parent=68"}],"curies":[{"name":"wp","href":"https:\/\/api.w.org\/{rel}","templated":true}]}}

<p>[et_pb_section fb_built=&#8221;1&#8243; fullwidth=&#8221;on&#8221; _builder_version=&#8221;4.14.2&#8243; _module_preset=&#8221;default&#8221; background_enable_image=&#8221;off&#8221; global_colors_info=&#8221;{}&#8221;][et_pb_fullwidth_slider use_bg_overlay=&#8221;off&#8221; use_text_overlay=&#8221;off&#8221; _builder_version=&#8221;4.14.7&#8243; _module_preset=&#8221;default&#8221; background_enable_image=&#8221;off&#8221; parallax=&#8221;on&#8221; parallax_method=&#8221;on&#8221; auto=&#8221;on&#8221; global_colors_info=&#8221;{}&#8221;][et_pb_slide heading=&#8221;La catedral viva&#8221; use_bg_overlay=&#8221;on&#8221; use_text_overlay=&#8221;off&#8221; _builder_version=&#8221;4.14.7&#8243; _module_preset=&#8221;default&#8221; background_color=&#8221;RGBA(255,255,255,0)&#8221; background_enable_color=&#8221;on&#8221; background_image=&#8221;http://www.catedraldevic.org/wp-content/uploads/SLIDER_CATEDRAl_VIVA.jpg&#8221; background_enable_image=&#8221;on&#8221; width=&#8221;90%&#8221; max_width=&#8221;1024px&#8221; global_colors_info=&#8221;{}&#8221; sticky_transition=&#8221;on&#8221;][/et_pb_slide][/et_pb_fullwidth_slider][/et_pb_section][et_pb_section fb_built=&#8221;1&#8243; _builder_version=&#8221;4.11.4&#8243; _module_preset=&#8221;default&#8221; global_colors_info=&#8221;{}&#8221;][et_pb_row column_structure=&#8221;1_2,1_2&#8243; _builder_version=&#8221;4.11.4&#8243; _module_preset=&#8221;default&#8221; global_colors_info=&#8221;{}&#8221;][et_pb_column type=&#8221;1_2&#8243; _builder_version=&#8221;4.11.4&#8243; _module_preset=&#8221;default&#8221; global_colors_info=&#8221;{}&#8221;][et_pb_text _builder_version=&#8221;4.11.4&#8243; _module_preset=&#8221;default&#8221; header_line_height=&#8221;1.5em&#8221; global_colors_info=&#8221;{}&#8221;]</p>
<h1>Siguis qui siguis i vinguis d&#8217;on vinguis sigues benvingut a la Catedral Basílica de Sant Pere de Vic</h1>
<p>[/et_pb_text][/et_pb_column][et_pb_column type=&#8221;1_2&#8243; _builder_version=&#8221;4.11.4&#8243; _module_preset=&#8221;default&#8221; global_colors_info=&#8221;{}&#8221;][et_pb_text _builder_version=&#8221;4.11.4&#8243; _module_preset=&#8221;default&#8221; global_colors_info=&#8221;{}&#8221;]</p>
<p>Com a bisbe de la diòcesi agraeixo la teva presència i la teva visita a la catedral, a l&#8217;església mare de totes les esglésies de la diòcesi.</p>
<p>Desitjo que et sentis ben acollit en aquest espai on art i religió conviuen en harmonia.</p>
<p>Tot el que veus aquí a dins està al servei de l&#8217;educació de la fe del poble cristià i del creixement espiritual de tothom.</p>
<p>En les celebracions litúrgiques, sobretot en l&#8217;eucaristia, quan és presidida pel bisbe, acompanyat dels preveres i diaques, i amb la participació plena i activa dels fidels, s&#8217;esdevé la manifestació principal i visible de l&#8217;església.</p>
<p>Gaudeix de la bellesa de la nostra catedral, prega una estona, adora el Santíssim Sagrament, queda&#8217;t a la celebració de l&#8217;eucaristia&#8230;i, siguis on siguis, recorda&#8217;t sempre d&#8217;estimar Déu i el proïsme.</p>
<p>Gràcies per haver vingut.</p>
<p><strong>Romà, bisbe de Vic.</strong></p>
<p>[/et_pb_text][/et_pb_column][/et_pb_row][/et_pb_section][et_pb_section fb_built=&#8221;1&#8243; _builder_version=&#8221;4.11.3&#8243; _module_preset=&#8221;default&#8221; custom_margin=&#8221;0px||||false|false&#8221; custom_padding=&#8221;0px||||false|false&#8221; global_colors_info=&#8221;{}&#8221;][et_pb_row use_custom_gutter=&#8221;on&#8221; gutter_width=&#8221;2&#8243; _builder_version=&#8221;4.11.3&#8243; _module_preset=&#8221;default&#8221; global_colors_info=&#8221;{}&#8221;][et_pb_column type=&#8221;4_4&#8243; _builder_version=&#8221;4.11.3&#8243; _module_preset=&#8221;default&#8221; global_colors_info=&#8221;{}&#8221;][et_pb_gallery gallery_ids=&#8221;468,469,471,472&#8243; posts_number=&#8221;100&#8243; show_title_and_caption=&#8221;off&#8221; show_pagination=&#8221;off&#8221; _builder_version=&#8221;4.14.7&#8243; _module_preset=&#8221;default&#8221; hover_enabled=&#8221;0&#8243; global_colors_info=&#8221;{}&#8221; sticky_enabled=&#8221;0&#8243;][/et_pb_gallery][/et_pb_column][/et_pb_row][/et_pb_section]</p>

<p>Siguis qui siguis i vinguis d&#8217;on vinguis sigues benvingut a la Catedral Basílica de Sant Pere de VicCom a bisbe de la diòcesi agraeixo la teva presència i la teva visita a la catedral, a l&#8217;església mare de totes les esglésies de la diòcesi. Desitjo que et sentis ben acollit en aquest espai on art [&hellip;]</p>
